7.
15
Suppose s = -2*s + 192. Suppose -5*x - 4 = -s. Suppose k + 10 - 43 = 0. Calculate the remainder when k is divided by x.
9
Let o(c) = 3*c - 5. Let l(n) = 4*n - 6. Let f(v) = 5*l(v) - 6*o(v). Calculate the remainder when 11 is divided by f(3).
5
Let u = -147 - -184. What is the remainder when u is divided by 11?
4
Calculate the remainder when 272/2 + (1 - 5) is divided by 45.
42
Let n = 136 + -75. What is the remainder when n is divided by ((-4)/8)/((-2)/84)?
19
Let z(a) = a**2 + 8*a + 2. Let h be z(-8). Suppose 5 = m + h. What is the remainder when 9 is divided by m?
0
Let l = -2 - -6. Suppose -l = -3*x - 5*v + 18, -5*v + 40 = 5*x. What is the remainder when 16 is divided by x?
7
Let c be (-1)/3 - (-7)/3. Suppose 0 = -3*j + j + 2*g + 16, c*g + 22 = 4*j. Let a = -2 + j. Calculate the remainder when 1 is divided by a.
0
Let s(p) = 7*p**2 - 3*p + 7. What is the remainder when s(4) is divided by 27?
26
Suppose 3*c = 3*h - 45, 0 = 3*h + 3. Let l = c - -24. Calculate the remainder when 23 is divided by l.
7
Let d = -49 + 84. Calculate the remainder when d is divided by 13.
9
Let u(o) be the second derivative of o**5/20 + o**4/2 - 3*o**3/2 + 5*o**2 + o. Suppose 0*t = t + 7. Calculate the remainder when u(t) is divided by 13.
11
Let f(r) = 19*r - 59. What is the remainder when f(14) is divided by 42?
39
Let y(u) = -u + 1. Let j be y(1). Suppose 2*b - b - 5*h - 35 = 0, j = -2*h - 4. What is the remainder when b is divided by 13?
12
Suppose 16 = -4*m - 3*b, -5*b - 14 = 3*m - 2. Let v be ((-1)/((-3)/27))/1. Calculate the remainder when v/m*160/(-12) is divided by 16.
14
Suppose z + 0*z = 52. Suppose -2*f + 3*d + z = 0, 4*f - f = 5*d + 78. What is the remainder when f is divided by 14?
12
What is the remainder when (1862/(-57))/(4/6 + -1) is divided by 25?
23
Let x(r) = r**3 - 4*r**2 - 8*r - 5. What is the remainder when x(6) is divided by 10?
9
Let l(u) = -u**2 - 13*u - 5. Let q be 1/((-3)/9)*-1. Suppose 0*v - 27 = 2*v - q*h, -5*h + 29 = -2*v. Calculate the remainder when 12 is divided by l(v).
5
Suppose -100 = -4*n - n. Let o(b) = -b + 14. Let w be 2*((-3)/(-2) + 2). What is the remainder when n is divided by o(w)?
6
Calculate the remainder when 28/(-6)*105/(-10) is divided by 17.
15
Let p(y) = y - 2. Let n be p(6). Suppose s = n*q + 5*s - 28, 3 = q - s. Calculate the remainder when 26 is divided by 136/10 + 2/q.
12
Let g = -12 + 19. Suppose 4*y - 18 = v + v, -2*y - 3*v + 21 = 0. What is the remainder when g is divided by 10/4 + 3/y?
1
Let g(j) = -2*j - 3. Calculate the remainder when g(-5) is divided by (-5)/(-15)*(-2 - -8).
1
Let l(n) = -3*n**2 + 21*n - 6. Calculate the remainder when 47 is divided by l(6).
11
What is the remainder when 76 + -4 + (-3 - -2) is divided by 12?
11
What is the remainder when 9 is divided by ((-15)/(-6))/(3/6)?
4
Let l(j) = 3*j - 1. Let c be l(8). Let i = c + 2. Calculate the remainder when 26 is divided by (14/(-5))/((-5)/i).
12
Let w = -8 + 14. Suppose 8*b - 50 = w*b. Calculate the remainder when b is divided by 9.
7
Let h = 11 + -11. What is the remainder when 6/(-2) + h + 4 is divided by 1?
0
Calculate the remainder when 6*(4 - (-21)/(-6)) is divided by 1.
0
Let i = -2 + 4. Let y = i + 0. Calculate the remainder when y is divided by 1.
0
Suppose 659 = 21*q - 748. What is the remainder when q is divided by 23?
21
Suppose 0 = -s - 2, 3*w + 2*s + 3*s = 5. What is the remainder when 11 is divided by w?
1
Let k(r) = -r**2 + 3*r + 1. Let n be k(3). What is the remainder when 2/(n - 2) + 33 is divided by (-294)/(-18) - (-1)/(-3)?
15
Suppose 8*r = -7 + 39. Calculate the remainder when 14 is divided by r.
2
Let z(l) = -l**2 + 11*l + 14. Let x be z(12). Let b(t) = 2*t**3 - 2*t**2 + 2. What is the remainder when 19 is divided by b(x)?
9
Let o(l) = -4*l + 4. Calculate the remainder when o(-9) is divided by 14.
12
Let q = -27 + 103. What is the remainder when q is divided by 20?
16
What is the remainder when 5 is divided by (-2)/(-7) + 60/(-175)*-5?
1
Calculate the remainder when 12 is divided by (-4)/((-32)/6)*4.
0
Let b = 13 - -19. Calculate the remainder when 19 is divided by (1 + b)*(-9)/(-27).
8
Suppose -4*n + 10 = n - 2*z, 6 = 3*n - 3*z. Suppose 70 = 3*h + n*h. Calculate the remainder when h is divided by 5.
4
Suppose k + 23 = -0*k. Let s = -12 - k. Calculate the remainder when 20 is divided by s.
9
Let z(k) = k**2 - 11*k - 2. Calculate the remainder when 28 is divided by z(12).
8
Let q = -46 + 79. What is the remainder when q is divided by 19?
14
Let k be -5 - 4/(-2) - -3. Suppose k = -5*r - 0*r + 260. Calculate the remainder when r is divided by 18.
16
Suppose -3*r - 12 = 0, 0 = -2*u + 3*u + r. Let c = 12 + u. Suppose 4*j - 5*j = -3*b + 92, -4*b + 4*j = -128. What is the remainder when b is divided by c?
14
Let x be (43 - -2)/((-4)/20). What is the remainder when 8/28 + x/(-21) is divided by 7?
4
Suppose 8 = -3*q + 2, -3*h - 2 = 4*q. Suppose 0 = h*p + 4, -50 - 18 = -4*c - 2*p. Let i = 78 - 73. Calculate the remainder when c is divided by i.
3
Suppose x = -x + 14. Calculate the remainder when 12 is divided by x.
5
Let g be 9/3 + (-1 - 1). Suppose g = m, m = 4*n - 0*m - 91. What is the remainder when n is divided by 12?
11
What is the remainder when (74/(-12))/(11/(-22))*15 is divided by 47?
44
Let d be 2/2 + (3 - -28). Suppose 2*u + 3*r = 57, 5*u - 3*r = 164 - d. Let v(w) = -w**3 - 2*w**2 + 4*w - 2. Calculate the remainder when u is divided by v(-4).
13
Let n be 0 + -2 - (-6 + 3). Suppose -4*f - n = -o, 3 = 3*o + f - 0*f. What is the remainder when 2 is divided by o?
0
Let l(c) = -c**3 + 5*c**2 + 2*c + 6. Let s be l(5). Let y = s + -1. What is the remainder when 29 is divided by y?
14
Suppose -j - 1 = -7. Suppose -j = -3*m + 3. Let a = m + -2. What is the remainder when 2 is divided by a?
0
Suppose 2*m + 4 = 0, -3*y + 3*m + 65 = -m. Let c = y - 4. Calculate the remainder when c is divided by 4.
3
Let r(u) = 6*u**2 + 3*u - 1. Calculate the remainder when r(-3) is divided by 15.
14
Let t be (-20)/15*(-3 - 0). Calculate the remainder when (-76)/(-6) + (-1)/(-3) is divided by 1/t - 19/(-4).
3
Let m = 211 - 189. What is the remainder when 57 is divided by m?
13
Suppose -2*z + z = -241. Calculate the remainder when z is divided by 27.
25
Let b = -25 - -34. What is the remainder when b is divided by 3?
0
Suppose 8 = 2*i + 2*i. Suppose i*s + 33 = 5*p, -s + 8 = -4*p + 35. What is the remainder when ((-10)/(-30))/(1/57) is divided by p?
5
Suppose 0 = 3*c - 2*c - 2. Let q(r) = 19*r - 2. Let f be q(2). Suppose 6*o - f = c*o. Calculate the remainder when 17 is divided by o.
8
Let l = -33 - -46. What is the remainder when 36 is divided by l?
10
Let g(w) = w**3 + 8*w**2 - 4*w + 1. Suppose 6*x = -77 + 29. Calculate the remainder when g(x) is divided by 18.
15
Calculate the remainder when -1 - ((2 - 41) + 0) is divided by 20.
18
Let x be 0*(-3)/(-6)*1. Suppose 4*t = 3*s - 123, -2*s + 3*t = -83 - x. What is the remainder when s is divided by 13?
11
Let a = -1 - 0. Let w be 1 + (1 - -2)*a. Calculate the remainder when ((-3)/w)/(9/264) is divided by 15.
14
Suppose -4*d = p - 8, d - 27 = -2*p + 4*d. Calculate the remainder when 34 is divided by p.
10
Let m(h) = 2*h**2 + 3*h - 3. Let v be m(-4). Suppose -u = r - 2, u + 3 = 2*r + v. What is the remainder when u/(-8) + 35/4 is divided by 5?
3
Let w be ((-2)/(-6))/((-1)/(-3)). Let s(y) = 11*y**2. Suppose 0 = 5*p - 4*q - 26 - 122, 3*q = -4*p + 137. Calculate the remainder when p is divided by s(w).
10
Let p be (-1 - 1 - 2)/(-2). Suppose -4*t + 6 = p. Let o(q) = 63*q**3 - q**2 + q - 1. What is the remainder when o(t) is divided by 21?
20
Let v(b) = b**2 + 1. Suppose 5*s - 16 = -4*r, 9*s - 5*r = 4*s - 20. Suppose s = -2*k - 2 - 2. Calculate the remainder when v(k) is divided by 2.
1
Suppose -28 = 3*f - 4*f. Suppose -4*g + 68 - 8 = 0. Calculate the remainder when f is divided by g.
13
Let n(g) = 7*g**2 - g + 2. Suppose -2*v - 19 = -c, 3*c = c - 3*v + 31. What is the remainder when n(-2) is divided by c?
15
Let o = 14 + 1. Calculate the remainder when o is divided by 12.
3
Suppose 4*v - 17 = -9. What is the remainder when 3 is divided by v?
1
Let g(x) = -35*x**3 + 1. Calculate the remainder when g(-1) is divided by 13.
10
Let t be (-33 + 3)*(1 - -3). Let y be t/4*4/(-6). Let p = y + -8. What is 